the prime factors of 100719?
3, 19, 31
What are the prime factors of 8987416?
2, 1123427
List the prime factors of 5445741.
3, 7, 259321
What are the prime factors of 15301622?
2, 7, 156139
List the prime factors of 214340.
2, 5, 7, 1531
What are the prime factors of 1658055?
3, 5, 7, 15791
List the prime factors of 3411496.
2, 11, 38767
List the prime factors of 123215.
5, 19, 1297
List the prime factors of 9450266.
2, 7, 17, 59, 673
What are the prime factors of 23676781?
37, 227, 2819
What are the prime factors of 249216?
2, 3, 11, 59
List the prime factors of 706466.
2, 59, 5987
What are the prime factors of 401299?
19, 21121
List the prime factors of 168809.
29, 5821
What are the prime factors of 652539?
3, 443, 491
List the prime factors of 384695.
5, 47, 1637
What are the prime factors of 428522?
2, 167, 1283
List the prime factors of 21733.
103, 211
List the prime factors of 210093.
3, 13, 5387
List the prime factors of 18057972.
2, 3, 1504831
What are the prime factors of 958591?
101, 9491
List the prime factors of 3251985.
3, 5, 11, 19709
List the prime factors of 6812700.
2, 3, 5, 22709
What are the prime factors of 3195451?
7, 269, 1697
List the prime factors of 527704.
2, 65963
List the prime factors of 121785.
3, 5, 23, 353
What are the prime factors of 317666?
2, 29, 5477
What are the prime factors of 966121?
13, 74317
What are the prime factors of 2351861?
167, 14083
List the prime factors of 212721.
3, 17, 43, 97
List the prime factors of 1723918.
2, 7, 359
List the prime factors of 4383730.
2, 5, 13, 33721
List the prime factors of 13006.
2, 7, 929
List the prime factors of 185307.
3, 19, 3251
List the prime factors of 5977947.
3, 31, 64279
What are the prime factors of 5611397?
11, 510127
What are the prime factors of 831568?
2, 51973
List the prime factors of 2034682.
2, 13, 139, 563
List the prime factors of 21326108.
2, 43, 123989
What are the prime factors of 206012?
2, 51503
What are the prime factors of 18246076?
2, 61, 74779
What are the prime factors of 28827808?
2, 900869
List the prime factors of 529672.
2, 11, 13, 463
List the prime factors of 15368.
2, 17, 113
What are the prime factors of 6512505?
3, 5, 434167
What are the prime factors of 2246042?
2, 23, 157, 311
What are the prime factors of 2352111?
3, 109, 7193
What are the prime factors of 346920?
2, 3, 5, 7, 59
What are the prime factors of 9972150?
2, 3, 5, 19, 3499
What are the prime factors of 583455?
3, 5, 97, 401
List the prime factors of 275490.
2, 3, 5, 3061
What are the prime factors of 8082883?
2131, 3793
List the prime factors of 2117460.
2, 3, 5, 35291
List the prime factors of 3913977.
3, 1304659
List the prime factors of 32745791.
13, 17, 148171
List the prime factors of 110160.
2, 3, 5, 17
What are the prime factors of 731860?
2, 5, 23, 37, 43
What are the prime factors of 12864911?
1823, 7057
List the prime factors of 598401.
3, 37, 599
List the prime factors of 7287620.
2, 5, 463, 787
List the prime factors of 326421.
3, 36269
List the prime factors of 1424642.
2, 712321
List the prime factors of 146702.
2, 73351
List the prime factors of 1216841.
1216841
What are the prime factors of 1434805?
5, 67, 4283
List the prime factors of 3109378.
2, 311, 4999
What are the prime factors of 10946?
2, 13, 421
What are the prime factors of 1085118?
2, 3, 223, 811
What are the prime factors of 292314?
2, 3, 11, 43, 103
What are the prime factors of 476645?
5, 13, 7333
What are the prime factors of 17431607?
19, 109, 443
What are the prime factors of 4161631?
4161631
List the prime factors of 371872.
2, 11621
What are the prime factors of 5707210?
2, 5, 47, 12143
List the prime factors of 24703.
7, 3529
What are the prime factors of 11169401?
223, 50087
What are the prime factors of 1358697?
3, 353, 1283
What are the prime factors of 1283891?
7, 17, 10789
List the prime factors of 341715.
3, 5, 11, 19, 109
What are the prime factors of 18919442?
2, 89, 157, 677
What are the prime factors of 1653459?
3, 103, 5351
What are the prime factors of 21354503?
1151, 18553
What are the prime factors of 761637?
3, 253879
List the prime factors of 6086303.
499, 12197
List the prime factors of 56887.
163, 349
List the prime factors of 108453.
3, 36151
What are the prime factors of 436241?
13, 23, 1459
What are the prime factors of 20455820?
2, 5, 7, 11, 37, 359
List the prime factors of 1106528.
2, 151, 229
What are the prime factors of 4380194?
2, 7, 13, 41, 587
List the prime factors of 3726487.
1789, 2083
List the prime factors of 24106474.
2, 7, 1721891
List the prime factors of 2066785.
5, 7, 59051
List the prime factors of 5511896.
2, 13, 52999
What are the prime factors of 1142002?
2, 571001
List the prime factors of 87087.
3, 7, 11, 13, 29
List the prime factors of 571304.
2, 71413
What are the prime factors of 284618?
2, 101, 1409
List the prime factors of 952941.
3, 11, 67, 431
List the prime factors of 6180721.
23, 103, 2609
What are the prime factors of 4920813?
3, 359, 1523
What are the prime factors of 470503?
11, 42773
List the prime factors of 2692764.
2, 3, 8311
What are the prime factors of 2911503?
3, 7, 19, 7297
List the prime factors of 898412.
2, 224603
What are the prime factors of 526012?
2, 107, 1229
List the prime factors of 21013212.
2, 3, 11, 159191
List the prime factors of 236806.
2, 167, 709
What are the prime factors of 23824965?
3, 5, 271, 5861
What are the prime factors of 1243168?
2, 53, 733
List the prime factors of 9747263.
433, 22511
List the prime factors of 38558087.
19, 2029373
List the prime factors of 4998853.
4998853
What are the prime factors of 3809800?
2, 5, 43, 443
What are the prime factors of 1281170?
2, 5, 11, 19, 613
What are the prime factors of 9986164?
2, 2496541
List the prime factors of 1197945.
3, 5, 7, 3803
What are the prime factors of 4342376?
2, 542797
List the prime factors of 4533948.
2, 3, 41981
List the prime factors of 2527224.
2, 3, 7, 307
List the prime factors of 7300.
2, 5, 73
What are the prime factors of 2267693?
37, 167, 367
What are the prime factors of 4057171?
61, 227, 293
What are the prime factors of 4451157?
3, 89, 5557
List the prime factors of 1300922.
2, 7, 43, 2161
List the prime factors of 1325339.
1033, 1283
List the prime factors of 22279840.
2, 5, 11, 12659
What are the prime factors of 11722530?
2, 3, 5, 390751
What are the prime factors of 1517837?
1517837
List the prime factors of 36694970.
2, 5, 13, 21713
List the prime factors of 223034.
2, 7, 89, 179
What are the prime factors of 33670657?
33670657
What are the prime factors of 1751298?
2, 3, 151, 1933
List the prime factors of 1202233.
23, 167, 313
List the prime factors of 4948390.
2, 5, 419, 1181
What are the prime factors of 2172501?
3, 26821
List the prime factors of 2673581.
211, 12671
List the prime factors of 104996.
2, 26249
List the prime factors of 1658976.
2, 3, 11, 1571
What are the prime factors of 2072217?
3, 7, 101, 977
List the prime factors of 8345603.
7, 31, 38459
What are the prime factors of 2085571?
23, 90677
What are the prime factors of 177099?
3, 13, 19, 239
What are the prime factors of 9050706?
2, 3, 7, 109, 659
What are the prime factors of 1826586?
2, 3, 101477
List the prime factors of 47770.
2, 5, 17, 281
List the prime factors of 1185495.
3, 5, 17, 4649
What are the prime factors of 2363371?
131, 18041
What are the prime factors of 181655?
5, 47, 773
List the prime factors of 32968.
2, 13, 317
What are the prime factors of 468857?
397, 1181
List the prime factors of 3246568.
2, 13, 19, 31, 53
List the prime factors of 212345.
5, 7, 6067
List the prime factors of 2761016.
2, 269, 1283
List the prime factors of 180827.
211, 857
What are the prime factors of 231029?
103, 2243
What are the prime factors of 160775?
5, 59, 109
What are the prime factors of 24824290?
2, 5, 29, 85601
What are the prime factors of 1130630?
2, 5, 113063
What are the prime factors of 2300699?
337, 6827
What are the prime factors of 2227526?
2, 7, 107, 1487
What are the prime factors of 12630271?
53, 238307
What are the prime factors of 31194?
2, 3, 1733
What are the prime factors of 122233?
31, 3943
List the prime factors of 1405509.
3, 7, 17, 31, 127
List the prime factors of 1673867.
13, 331, 389
What are the pri